{"id":3,"date":"2019-04-17T20:12:23","date_gmt":"2019-04-17T18:12:23","guid":{"rendered":"https:\/\/www.du-bist-das-meer.at\/?page_id=3"},"modified":"2025-11-27T17:00:54","modified_gmt":"2025-11-27T16:00:54","slug":"datenschutzerklaerung","status":"publish","type":"page","link":"https:\/\/www.du-bist-das-meer.at\/?page_id=3","title":{"rendered":"Datenschutzerkl\u00e4rung"},"content":{"rendered":"\n<p>Der Schutz Ihrer pers\u00f6nlichen Daten ist mir ein besonderes Anliegen. Ich verarbeiten Ihre Daten daher ausschlie\u00dflich auf Grundlage der gesetzlichen Bestimmungen (DSGVO, TKG 2003). In diesen Datenschutzinformationen informiere ich Sie \u00fcber die wichtigsten Aspekte der Datenverarbeitung im Rahmen dieser Website.<\/p>\n\n\n\n<p><strong>Kontakt mit mir<\/strong><br>Wenn Sie per E-Mail Kontakt mit mir aufnehmen, werden Ihre angegebenen Daten zwecks Bearbeitung der Anfrage und f\u00fcr den Fall von Anschlussfragen zw\u00f6lf Monate bei mir gespeichert. Diese Daten gebe ich nicht ohne Ihre Einwilligung weiter.<\/p>\n\n\n\n<p><strong>Hosting<\/strong><br>Ich hoste diese Website bei meinem Auftragsverarbeiter easyname GmbH, Fernkorngasse 10\/3\/501, A-1100 Wien, \u00d6sterreich.<br>Zum Zweck der Bereitstellung und der Auslieferung der Website werden Verbindungsdaten verarbeitet.<br>Zum blo\u00dfen Zweck der Auslieferung und Bereitstellung der Website werden die Daten \u00fcber den Aufruf hinaus nicht gespeichert.<br>Die Rechtsgrundlage f\u00fcr die Datenverarbeitung ist die unbedingte technische Notwendigkeit zur Bereitstellung und Auslieferung des von ihnen durch Ihren Aufruf ausdr\u00fccklich gew\u00fcnschten Dienstes \u201cWebsite\u201d gem\u00e4\u00df Telekommunikationsgesetz 2003 \u00a7 96 Abs. 3.<\/p>\n\n\n\n<p><strong>Newsletter<\/strong><br>Derzeit biete ich diese M\u00f6glichkeit, \u00fcber meine Website einen Newsletter zu abonnieren nicht an.<\/p>\n\n\n\n<p><strong>Sicherheit<\/strong><br>Um Angriffe auf das Backend dieser Website abzuwehren, nutze ich das Plugin WP Limit Login Attempts. Dieses speichern lokal die IP-Adressen von Personen, die sich unberechtigter Weise einloggen wollten. Die Speicherung erfolgt auf Grundlage von Art. 6 Abs. 1 lit. f DSGVO (berechtigtes Interesse, Erw\u00e4gungsgrund 49 EU DS-GVO).<\/p>\n\n\n\n<p><strong>Kartendienste<\/strong><br>Diese Website nutzt Kartendienste der OpenStreetMap Foundation, St. Johns Innovationszentrum, Cowley Road, Cambridge, CB4 0WS, Vereinigtes K\u00f6nigreich (kurz OSMF). Ihr Internetbrowser oder Ihre Internetanwendung stellt eine Verbindung zu Servern her, die von der OSMF in Gro\u00dfbritannien und anderen L\u00e4ndern betrieben werden. Der Betreiber dieser Website hat keine Kontrolle \u00fcber solche Verbindungen und die Verarbeitung Ihrer Daten durch die OSMF.<br>Die Nutzung von OpenStreetMap erfolgt im Interesse einer ansprechenden Darstellung meines Online-Angebotes und an einer leichten Auffindbarkeit der von mir auf der Website angegebenen Orte. Dies stellt ein berechtigtes Interesse im Sinne des Art. 6 Abs. 1 lit. f DSGVO dar. Weitere Informationen zur Verarbeitung von Benutzerdaten durch die OSMF finden Sie in der <a href=\"https:\/\/wiki.osmfoundation.org\/wiki\/Privacy_Policy\">OSMF-Datenschutzrichtlinie .<\/a><\/p>\n\n\n\n<p><strong>Ihre Rechte<\/strong><br>Ihnen stehen grunds\u00e4tzlich die Rechte auf Auskunft, Berichtigung, L\u00f6schung, Einschr\u00e4nkung, Daten\u00fcbertragbarkeit, Widerruf und Widerspruch zu. Wenn Sie glauben, dass die Verarbeitung Ihrer Daten gegen das Datenschutzrecht verst\u00f6\u00dft oder Ihre datenschutzrechtlichen Anspr\u00fcche sonst in einer Weise verletzt worden sind, k\u00f6nnen Sie sich bei der Aufsichtsbeh\u00f6rde beschweren. In \u00d6sterreich ist dies die Datenschutzbeh\u00f6rde.<\/p>\n\n\n\n<p>Sie erreichen mich unter folgenden Kontaktdaten:<br>Barbara W\u00f6rz<br>3021 Pressbaum, Haitzawinkel 11c\/1<\/p>\n\n\n\n<p>Email:<br>info(at)du-bist-das-meer.at<\/p>\n\n\n\n<p>office(at)zentrum-im-sein.at<\/p>\n\n\n\n<p>Stand: November 2025<\/p>\n\n\n\n<p><\/p>\n","protected":false},"excerpt":{"rendered":"<p>Der Schutz Ihrer pers\u00f6nlichen Daten ist mir ein besonderes Anliegen. Ich verarbeiten Ihre Daten daher ausschlie\u00dflich auf Grundlage der gesetzlichen Bestimmungen (DSGVO, TKG 2003). In diesen Datenschutzinformationen informiere ich Sie \u00fcber die wichtigsten Aspekte der Datenverarbeitung im Rahmen dieser Website. Kontakt mit mirWenn Sie per E-Mail Kontakt mit mir aufnehmen, werden Ihre angegebenen Daten zwecks &hellip; <\/p>\n<p class=\"link-more\"><a href=\"https:\/\/www.du-bist-das-meer.at\/?page_id=3\" class=\"more-link\"><span class=\"screen-reader-text\">\u201eDatenschutzerkl\u00e4rung\u201c <\/span>weiterlesen<\/a><\/p>\n","protected":false},"author":1,"featured_media":30,"parent":0,"menu_order":0,"comment_status":"closed","ping_status":"open","template":"","meta":{"footnotes":""},"class_list":["post-3","page","type-page","status-publish","has-post-thumbnail","hentry"],"_links":{"self":[{"href":"https:\/\/www.du-bist-das-meer.at\/index.php?rest_route=\/wp\/v2\/pages\/3","targetHints":{"allow":["GET"]}}],"collection":[{"href":"https:\/\/www.du-bist-das-meer.at\/index.php?rest_route=\/wp\/v2\/pages"}],"about":[{"href":"https:\/\/www.du-bist-das-meer.at\/index.php?rest_route=\/wp\/v2\/types\/page"}],"author":[{"embeddable":true,"href":"https:\/\/www.du-bist-das-meer.at\/index.php?rest_route=\/wp\/v2\/users\/1"}],"replies":[{"embeddable":true,"href":"https:\/\/www.du-bist-das-meer.at\/index.php?rest_route=%2Fwp%2Fv2%2Fcomments&post=3"}],"version-history":[{"count":13,"href":"https:\/\/www.du-bist-das-meer.at\/index.php?rest_route=\/wp\/v2\/pages\/3\/revisions"}],"predecessor-version":[{"id":813,"href":"https:\/\/www.du-bist-das-meer.at\/index.php?rest_route=\/wp\/v2\/pages\/3\/revisions\/813"}],"wp:featuredmedia":[{"embeddable":true,"href":"https:\/\/www.du-bist-das-meer.at\/index.php?rest_route=\/wp\/v2\/media\/30"}],"wp:attachment":[{"href":"https:\/\/www.du-bist-das-meer.at\/index.php?rest_route=%2Fwp%2Fv2%2Fmedia&parent=3"}],"curies":[{"name":"wp","href":"https:\/\/api.w.org\/{rel}","templated":true}]}}